 - (-2)/(-2)*-5.
3
Let p(o) = 58*o - 3. Let g be p(3). Suppose 0*a - g = -3*a. What is the remainder when a is divided by 30?
27
Suppose -3*z + 2*g - 4*g = 230, 5*z - 4*g = -398. Let f = -34 - z. What is the remainder when f is divided by 23?
21
Let x(r) = -r + 11. Suppose 4*h + 20 = 0, -2*k + h = -2 - 45. What is the remainder when k is divided by x(0)?
10
Let u(a) = 3*a + 16. Calculate the remainder when 35 is divided by u(-4).
3
Suppose 0 = 3*u - 2*n + 12, -u + 3*n + 1 = 5. Calculate the remainder when 215/2 + 6/u is divided by 27.
25
Suppose 83*p - 89*p + 366 = 0. Calculate the remainder when p is divided by 22.
17
Suppose 0 = -2*s + 4*s - 34. What is the remainder when 33 is divided by s?
16
Let n(w) be the first derivative of -w**4/4 + 10*w**3/3 + 13*w + 5. Calculate the remainder when -4*(75/(-4))/3 is divided by n(10).
12
Let u = -4 + 4. Calculate the remainder when (u + (3 - 4))*-15 is divided by 6.
3
Let s(w) = w**3 - 5*w**2 + 4*w + 8. Let y = -2 + 15. What is the remainder when y is divided by s(4)?
5
Suppose 63 = 3*f + 2*u, -3*u + 1 + 20 = f. Suppose -3*o - f = -4*o. Calculate the remainder when o is divided by 8.
5
Suppose -l - 2*l = -96. Let b = 19 - l. Let c = 22 + b. What is the remainder when 35 is divided by c?
8
Calculate the remainder when 94 is divided by (36/14)/(-4 + 460/112).
22
Suppose -2*a + 4*s = a - 77, 2*a + 4*s = 18. Suppose 3*v - 3 = -0. Let x = v + 6. Calculate the remainder when a is divided by x.
5
Suppose 4*d + a = 0, -5*a - 7 = 2*d + 11. Let v be (-3)/(-5) - 4/(-10). Let c = v - 0. Calculate the remainder when d is divided by c.
0
Let x(p) = -p**3 + 6*p**2 - 3*p + 4. Suppose -4*n = -5*y - 0*y + 42, y - 3 = -n. What is the remainder when (4/y)/(2/78) is divided by x(5)?
12
Suppose 2*z - 4*z + 16 = 0. Calculate the remainder when z is divided by 6.
2
Let z(d) = 5*d**2. Suppose u + 5*r + 7 = r, 3*u - 2*r = 7. Let c be 0 - (2/2 + u). Calculate the remainder when z(c) is divided by 11.
9
Suppose 0 = 18*u - 10*u - 48. What is the remainder when u is divided by 5?
1
Suppose l - 29 = -10. What is the remainder when 73 is divided by l?
16
Suppose -2*z = -7*z + 35. What is the remainder when 11 is divided by z?
4
Suppose 62*b = 64*b - 18. Calculate the remainder when b is divided by 4.
1
Suppose -3*m - 2*l = -63, -5*m + 0*l + 4*l = -83. Calculate the remainder when 35 is divided by m.
16
Suppose 38 = y - 1. Calculate the remainder when y is divided by 14.
11
Suppose 0 = 2*l + 4*m - m - 7, l + 2*m - 2 = 0. Calculate the remainder when 1/4 - (-51)/4 is divided by l.
5
Suppose m = -11*m + 1812. Calculate the remainder when m is divided by 38.
37
Suppose 18 = -4*s + 5*j, s + 3*j = 2*j. What is the remainder when 18 - (s - (-5)/1) is divided by 9?
6
Let z = 33 - -83. Calculate the remainder when z is divided by 39.
38
Suppose -6*n = -2*n + 40. Let b be 138/15 - (-2)/n. Calculate the remainder when b - (2 + -3 - 1) is divided by 4.
3
Suppose 4*x = -12, -4*f = 2*x - 25 - 173. Let v be 1/(-2 - f/(-27)). Let r = 19 - v. What is the remainder when r is divided by 10?
8
Let n(x) = x**3 - 5*x**2 - 5*x - 5. Let v = 2 + 1. Suppose v*q + 4*z + 5 = 0, 0 = -3*z - 0*z - 6. What is the remainder when n(6) is divided by q?
0
Let r(z) be the second derivative of -z**3/6 + 5*z**2/2 + 2*z. What is the remainder when r(-8) is divided by 4?
1
Let n be (-16)/(-6)*18/12. Suppose -n*t + 0*t = -12. Let d = 11 + -4. What is the remainder when d is divided by t?
1
Suppose -5*n = -145 - 70. Calculate the remainder when n is divided by 15.
13
Let o(r) be the first derivative of r**3 + 4*r**2 + 16*r - 3. Let k(i) = -i**2. Let j(h) = -4*k(h) - o(h). Calculate the remainder when 32 is divided by j(11).
15
Let n = 45 - -83. What is the remainder when n is divided by 65?
63
Let l(x) = x + 1. Let h be l(-7). What is the remainder when 56 is divided by (19/3)/((-2)/h)?
18
Let c(q) = -35*q**3 - q**2 + q. Let p be c(1). Suppose 3*j + 199 = 3*u + 46, -2*j - 2*u = 94. Let b = p - j. What is the remainder when b is divided by 5?
4
Let w(d) = 3*d**3 - 2*d**2 - 4. What is the remainder when w(3) is divided by 6?
5
Let d = -35 + 91. Suppose -x = 2*y - d, -y = -x - 3*x + 188. Let k = x + -23. What is the remainder when k is divided by 13?
12
Let j be -1*(-2 + (1 - 2)). What is the remainder when 22 is divided by (3/6)/(j/48)?
6
Let g be (-65)/3 + (-1)/3. Suppose -9 = r + 38. Let v = g - r. Calculate the remainder when v is divided by 9.
7
Let c(r) = -r**3 - r**2 - r + 31. Let g(z) = z**2 - 4*z - 21. Calculate the remainder when c(0) is divided by g(8).
9
Calculate the remainder when ((-3 - 1)/4)/(3/(-222)) is divided by 27.
20
Let h(y) = -y - 2. Let q be h(-2). Suppose 3*i - 5*i = q. Suppose 0 = -i*v - v + 16. What is the remainder when v is divided by 6?
4
Suppose -228 = -4*s + 4*q, 24*s = 25*s + q - 47. What is the remainder when s is divided by 27 - (-2)/(-2) - -1?
25
Let x(o) = 15*o + 18*o + 7*o - 6*o. What is the remainder when x(1) is divided by 18?
16
Let d = -5 - -1. Calculate the remainder when ((-24)/9)/(d/6) is divided by 3.
1
Let u(a) = -a**2 - 13*a + 10. Calculate the remainder when 38 is divided by u(-13).
8
Suppose 5*l - 58 = 3*l + 5*y, 4*l - 116 = 5*y. Calculate the remainder when 56 is divided by l.
27
Suppose 9 = -3*i - 90. Let h = -21 - i. Calculate the remainder when 47 is divided by h.
11
Let o(r) = -r**2 - 11*r + 21. What is the remainder when o(-11) is divided by 12?
9
Suppose 5*n - 15 - 10 = 0. Calculate the remainder when n is divided by 4.
1
Suppose 3*f = -3*d + 45, 3*d - 28 = -f + 11. Suppose p + 3*b - 5*b = 23, -69 = -3*p - 3*b. Calculate the remainder when p is divided by d.
11
Let s = -22 - -26. Suppose -4*t = -0*y + 5*y - 34, 4*y + 3*t = 27. What is the remainder when y is divided by s?
2
Suppose -m - 2*m = -48. Calculate the remainder when m is divided by 9.
7
Calculate the remainder when 21 - (0 - -1*1) is divided by 13/2 - (-11)/22.
6
Suppose 2*m - 7*m = -710. Calculate the remainder when m is divided by 29.
26
Suppose 5*z = j + 118, 2*z - 41 - 11 = -2*j. Suppose -5*l = -5*w + 175, -2*w + 77 = 4*l + 7. Let r = w - 22. What is the remainder when z is divided by r?
11
Suppose 30 - 10 = t. Let v be (-2*-1*1)/1. Calculate the remainder when 38 is divided by t*(v + (-9)/6).
8
Let f(q) = 3*q**2 - 2*q + 2. Calculate the remainder when 42 is divided by f(3).
19
Suppose 5 + 10 = 5*z. Let j(r) = -2 + z*r - 5 + 4 + 4. Calculate the remainder when j(2) is divided by 2.
1
Let r = -114 - -149. What is the remainder when 68 is divided by r?
33
Let f be (-3)/6 + (-42)/4. Let j = -3 - f. Suppose -19 = -2*k + 11. What is the remainder when k is divided by j?
7
Suppose 51 = 6*x - 9. What is the remainder when x is divided by 3?
1
Let r(p) = 5*p**2 - 12*p - 4. Let z(d) = d**2 - d. Let q(f) = -r(f) + 4*z(f). Calculate the remainder when 15 is divided by q(8).
3
Suppose -2*g - 42 = -4*g. What is the remainder when 61 is divided by g?
19
Let h = 7 + 1. Let q(f) = -f**3 + 7*f**2 + 10*f - 5. Calculate the remainder when q(h) is divided by 6.
5
Let a = -228 - -468. Calculate the remainder when a is divided by 22.
20
Let m = -63 + 25. Let b = m + 82. What is the remainder when b is divided by (-1)/(-1*(-2)/(-46))?
21
Suppose 2*s - 4*r - 37 = -r, -3*s + 48 = -3*r. What is the remainder when 43 is divided by s?
10
Suppose 4*k - 240 = -84. What is the remainder when k is divided by 10?
9
Let n = 8424 + -5424. Calculate the remainder when n/104 + (-4)/(-26) is divided by 10.
9
Suppose 10 = 3*r - 14. Let n(h) = -30*h + 1. Calculate the remainder when n(-1) is divided by r.
7
Let w(p) = -5*p. Let y(n) = 18*n**3 + n**2 - n. Calculate the remainder when w(-7) is divided by y(1).
17
Let v be (-1)/((-2)/8) - 2. Let s(r) = 9*r**2 - 1. Calculate the remainder when s(v) is divided by 2 + -1 - (-55)/5.
11
Let d = 29 - 11. What is the remainder when 34 is divided by d?
16
Suppose 0 = 4*d - 77 - 127. What is the remainder when d is divided by 13?
12
Suppose 3*z + 25 = 8*z. Suppose -z*k = -17 - 23. What is the remainder when 15 is divided by k?
7
What is the remainder when 60 is divided by (6/(-4))/((-27)/126)?
4
Suppose 0 = -5*s + 8*s - 21. Calculate the remainder when 40*(1 + 1 - 1) is divided by s.
5
Let l(a) = -17*a - 5. Let n be l(-5). Suppose 4*h = -h + n. Suppose 